actors of 913?
11, 83
What are the prime factors of 14241?
3, 47, 101
List the prime factors of 2424.
2, 3, 101
What are the prime factors of 4783?
4783
What are the prime factors of 6500?
2, 5, 13
What are the prime factors of 31063?
31063
List the prime factors of 374.
2, 11, 17
What are the prime factors of 6460?
2, 5, 17, 19
What are the prime factors of 489?
3, 163
List the prime factors of 6264.
2, 3, 29
List the prime factors of 260.
2, 5, 13
List the prime factors of 1441.
11, 131
List the prime factors of 334.
2, 167
List the prime factors of 136827.
3, 23, 661
What are the prime factors of 18124?
2, 23, 197
List the prime factors of 378.
2, 3, 7
List the prime factors of 168339.
3, 56113
List the prime factors of 724.
2, 181
What are the prime factors of 42065?
5, 47, 179
What are the prime factors of 310?
2, 5, 31
What are the prime factors of 680?
2, 5, 17
List the prime factors of 1068.
2, 3, 89
What are the prime factors of 7981?
23, 347
What are the prime factors of 14828?
2, 11, 337
What are the prime factors of 964?
2, 241
List the prime factors of 166.
2, 83
List the prime factors of 32158.
2, 7, 2297
List the prime factors of 2320.
2, 5, 29
What are the prime factors of 8506?
2, 4253
List the prime factors of 16492.
2, 7, 19, 31
What are the prime factors of 67623?
3, 22541
What are the prime factors of 448?
2, 7
List the prime factors of 2513.
7, 359
List the prime factors of 21947.
17, 1291
List the prime factors of 14151.
3, 53, 89
List the prime factors of 716.
2, 179
What are the prime factors of 5060?
2, 5, 11, 23
List the prime factors of 93088.
2, 2909
What are the prime factors of 5518?
2, 31, 89
List the prime factors of 4505.
5, 17, 53
List the prime factors of 35273.
7, 5039
List the prime factors of 14828.
2, 11, 337
List the prime factors of 5339.
19, 281
What are the prime factors of 37276?
2, 9319
What are the prime factors of 2859?
3, 953
List the prime factors of 5938.
2, 2969
List the prime factors of 70.
2, 5, 7
List the prime factors of 1393.
7, 199
List the prime factors of 945.
3, 5, 7
What are the prime factors of 22418?
2, 11, 1019
What are the prime factors of 12837?
3, 11, 389
List the prime factors of 1604.
2, 401
List the prime factors of 3058.
2, 11, 139
List the prime factors of 415.
5, 83
List the prime factors of 176.
2, 11
List the prime factors of 1345.
5, 269
List the prime factors of 947.
947
List the prime factors of 1480.
2, 5, 37
List the prime factors of 157.
157
List the prime factors of 18382.
2, 7, 13, 101
List the prime factors of 17655.
3, 5, 11, 107
List the prime factors of 4066.
2, 19, 107
What are the prime factors of 34780?
2, 5, 37, 47
What are the prime factors of 47410?
2, 5, 11, 431
List the prime factors of 23179.
13, 1783
What are the prime factors of 500?
2, 5
What are the prime factors of 62864?
2, 3929
List the prime factors of 6251.
7, 19, 47
What are the prime factors of 24708?
2, 3, 29, 71
List the prime factors of 68533.
19, 3607
What are the prime factors of 1242?
2, 3, 23
What are the prime factors of 681?
3, 227
What are the prime factors of 231?
3, 7, 11
What are the prime factors of 13607?
11, 1237
List the prime factors of 21088.
2, 659
What are the prime factors of 13945?
5, 2789
What are the prime factors of 31793?
31793
List the prime factors of 6227.
13, 479
List the prime factors of 1731.
3, 577
What are the prime factors of 23073?
3, 7691
What are the prime factors of 10040?
2, 5, 251
What are the prime factors of 45320?
2, 5, 11, 103
What are the prime factors of 30019?
11, 2729
What are the prime factors of 2304?
2, 3
List the prime factors of 4009.
19, 211
List the prime factors of 810.
2, 3, 5
What are the prime factors of 1031?
1031
What are the prime factors of 2912?
2, 7, 13
What are the prime factors of 1691?
19, 89
What are the prime factors of 6199?
6199
What are the prime factors of 33906?
2, 3, 5651
List the prime factors of 2764.
2, 691
List the prime factors of 6837.
3, 43, 53
What are the prime factors of 20544?
2, 3, 107
List the prime factors of 4196.
2, 1049
List the prime factors of 32789.
32789
What are the prime factors of 12212?
2, 43, 71
List the prime factors of 48007.
61, 787
What are the prime factors of 65145?
3, 5, 43, 101
What are the prime factors of 1071?
3, 7, 17
What are the prime factors of 6761?
6761
List the prime factors of 6355.
5, 31, 41
What are the prime factors of 4799?
4799
List the prime factors of 4888.
2, 13, 47
List the prime factors of 31077.
3, 1151
What are the prime factors of 1633?
23, 71
What are the prime factors of 8911?
7, 19, 67
List the prime factors of 72440.
2, 5, 1811
List the prime factors of 14160.
2, 3, 5, 59
What are the prime factors of 3549?
3, 7, 13
What are the prime factors of 6480?
2, 3, 5
List the prime factors of 954.
2, 3, 53
List the prime factors of 607.
607
List the prime factors of 2510.
2, 5, 251
List the prime factors of 6065.
5, 1213
List the prime factors of 41112.
2, 3, 571
What are the prime factors of 880?
2, 5, 11
List the prime factors of 13306.
2, 6653
List the prime factors of 1734.
2, 3, 17
List the prime factors of 21111.
3, 31, 227
List the prime factors of 6497.
73, 89
What are the prime factors of 609?
3, 7, 29
List the prime factors of 3498.
2, 3, 11, 53
List the prime factors of 10630.
2, 5, 1063
List the prime factors of 2797.
2797
List the prime factors of 7374.
2, 3, 1229
List the prime factors of 1975.
5, 79
What are the prime factors of 1289?
1289
List the prime factors of 57741.
3, 19, 1013
List the prime factors of 13699.
7, 19, 103
What are the prime factors of 39175?
5, 1567
List the prime factors of 5024.
2, 157
List the prime factors of 88828.
2, 53, 419
What are the prime factors of 2277?
3, 11, 23
List the prime factors of 4605.
3, 5, 307
What are the prime factors of 359?
359
What are the prime factors of 63487?
63487
What are the prime factors of 12951?
3, 1439
List the prime factors of 4934.
2, 2467
What are the prime factors of 18798?
2, 3, 13, 241
What are the prime factors of 16674?
2, 3, 7, 397
List the prime factors of 3850.
2, 5, 7, 11
List the prime factors of 4022.
2, 2011
What are the prime factors of 15791?
15791
List the prime factors of 13926.
2, 3, 11, 211
List the prime factors of 41328.
2, 3, 7, 41
List the prime factors of 2018.
2, 1009
List the prime factors of 34930.
2, 5, 7, 499
List the prime factors of 22432.
2, 701
What are the prime factors of 38384?
2, 2399
What are the prime factors of 33413?
33413
List the prime factors of 2459.
2459
What are the prime factors of 4165?
5, 7, 17
What are the prime factors of 34551?
3, 11, 349
What are the prime factors of 185671?
83, 2237
What are the prime factors of 390?
2, 3, 5, 13
List the prime factors of 15407.
7, 31, 71
What are the prime factors of 11404?
2, 2851
What are the prime factors of 2299?
11, 19
What are the prime factors of 439?
439
List the prime factors of 536.
2, 67
List the prime factors of 612.
2, 3, 17
List the prime factors of 12177.
3, 11, 41
List the prime factors of 267.
3, 89
What are the prime factors of 14478?
2, 3, 19, 127
List the prime factors of 126828.
2, 3, 13, 271
List the prime factors of 18993.
3, 13, 487
List the prime factors of 23711.
131, 181
What are the prime factors of 2744?
2, 7
List the prime factors of 3420.
2, 3, 5, 19
List the prime factors of 103548.
2, 3, 8629
What are the prime factors of 4793?
4793
What are the prime factors of 9038?
2, 4519
List the prime factors of 5494.
2, 41, 67
What are the prime factors of 100?
2, 5
What are the prime factors of 1114?
2, 557
List the prime factors of 33067.
43, 769
List the prime factors of 1145.
5, 229
What are the prime factors of 51158?
2, 25579
List the prime factors of 451.
11, 41
List the prime factors of 371.
7, 53
List the prime factors of 5959.
59, 101
What are the prime factors of 1178?
2, 19, 31
List the prime factors of 30452.
2, 23, 331
What are the prime factors of 614?
2, 307
What are the prime factors of 36075?
3, 5, 13, 37
List the prime factors of 848.
2, 53
List the prime factors of 41382.
2, 3, 11, 19
List the prime factors of 2071.
19, 109
What are the prime factors of 16347?
3, 5449
List the prime factors of 9472.
2, 37
List the prime factors of 18169.
18169
Li